-4*m**2 - 8*m + 6. Let d(i) = i**3 + i. Let v(c) = -d(c) - f(c). Give v(g).
4
Let m = 4 - 0. Let s = 1 - m. Let a(w) = -4*w**2 + 1. Let t(o) = 3*o**2. Let r(n) = -4*a(n) - 5*t(n). What is r(s)?
5
Let v be (14 - 15) + 14 + 1. Suppose -4*s + 6 = -v. Let k(j) = j**3 - 4*j**2 - 6*j + 4. Give k(s).
-1
Let w(k) = -k**3 + 6*k**2 + 3*k - 7. Let h(d) = d**3 - 5*d**2 + 6. Let c be h(5). Calculate w(c).
11
Let r(h) = -5*h**3 - 2*h**2 + 2*h - 1. Let k be (6/2)/(-1) + 9. Let o be 2/k*(-3)/(-1). Determine r(o).
-6
Let i(l) = -7*l**2 - l - 7. Let m be -2 + 8 + -2 + 1. Let g(s) = -4*s**2 - 4. Let d(y) = m*g(y) - 3*i(y). Determine d(-4).
5
Let d(f) = 0*f**2 + f**2 + 6*f**2 + f - 2*f**2. Calculate d(1).
6
Let l(d) = -d**2 - 7*d - 7. Suppose b = -3*b + 20. Suppose 13*i = 12*i - b. What is l(i)?
3
Let a = 12 - 11. Let x be a/3 - (-4)/(-12). Let z(t) = t**3 - 5. Give z(x).
-5
Suppose 4*i + 5*r = 23, -5*i + 0*r + 4*r - 2 = 0. Let y = i - -2. Let j(n) be the third derivative of n**4/12 - 2*n**3/3 + 18*n**2. Give j(y).
4
Let c(y) be the second derivative of -y**4/6 - y**3/6 - y. What is c(-2)?
-6
Let s = -4 - -6. Suppose -3 = -c - s. Let i(n) = 3*n**2 - 7*n**3 + 0 - 1 - 2*n**2 + n. Determine i(c).
-6
Let q(w) = w**2 - 7*w + 3. Let a(t) = t**3 - 5*t**2 - 7*t + 4. Let b be a(6). Let u be -1*(-9 + 3) + b. Suppose -u*x = -14 - 6. Calculate q(x).
-7
Let w = 11 + -7. Let i(a) = -3*a + 0*a - w + 4*a. Let p(g) = -g**3 - 4*g**2 - 3*g + 3. Let r be p(-3). Calculate i(r).
-1
Suppose -2*y + 12 = -2*f + 7*f, 0 = -2*f - 4*y - 8. Let j(q) = q - 1. What is j(f)?
3
Let t = 0 + 0. Let r be (-192)/(-108) + (-2)/(-9). Let l(o) = 3*o**2 + t*o**2 + 2 - 3 - 2*o**r. Calculate l(-2).
3
Suppose -3*w + 30 = 9. Let c(r) = -r**2 + 5*r + 7. Give c(w).
-7
Let g(i) = 2*i - 5 + 0 + 11. Calculate g(-5).
-4
Let u(r) = r**2 + 6*r + 3. Suppose -q + 4 = 1. Suppose q*n + n - 16 = 0. Suppose n*y - 8 = -28. Give u(y).
-2
Let j(c) = 9*c**2 + 1. Let r(w) = w - 3. Let v be r(4). Suppose v - 2 = -p. Give j(p).
10
Let f(l) = l**3 + 5*l**2 + 4*l + 5. Suppose 2*x = 6, 4*a - 4*x + 2*x = -22. Determine f(a).
5
Let t(m) = -9*m + 1. Suppose 5*i - 15 = 0, 18 - 4 = n + 4*i. Give t(n).
-17
Suppose 4*l - 4 = -16. Let d(o) = o + 7. Let n be d(-5). Let i(f) = n + 0*f**3 - f**3 - 5 - 3*f - 2*f - 5*f**2. Give i(l).
-6
Let v(w) = -8 + 5*w**2 + w**2 - w**2 - w - 6*w**2. What is v(0)?
-8
Let g(w) = -w**2 - w - 8. Let v(x) = x**3 + 10*x**2 + x + 10. Let u be v(-10). Give g(u).
-8
Let t be 1*(0 + (7 - 2)). Let y(b) be the first derivative of 4/3*b**3 + 1 - 1/4*b**4 + 3*b**2 + 4*b. Calculate y(t).
9
Suppose 2*d + 38 = -2*m, 4*m - 5*d + 59 = 2*m. Let r be (-4)/5 + m/10. Let l(q) = -q + 3. What is l(r)?
6
Suppose 2*q = q. Suppose q = -9*f + 4*f. Suppose 0*d - 2*d - 5*l - 25 = f, -l = 2*d + 13. Let k(c) = c**3 + 5*c**2 + c + 5. What is k(d)?
0
Let a(t) = -3306*t + 3308*t - 1 - 4. Calculate a(7).
9
Let j(p) = 6*p**2 + 5*p - 4. Let m be 0*(-2)/4 + -5. Let z(q) = -q**2 - q + 1. Let l(r) = m*z(r) - j(r). Suppose 13*k + 3 = 10*k. Determine l(k).
-2
Let o = 8 + -5. Let s(z) = -2*z + o - z + z. Let t be (-7)/(-70) - 58/(-20). Give s(t).
-3
Let n(i) = 3*i + 1. Let c(l) = -3*l**2 - 4*l + 8. Let u = -5 + 9. Let d(h) = 4*h**2 + 3*h - 8. Let a(m) = u*d(m) + 5*c(m). Let g be a(7). Determine n(g).
4
Let i(t) be the third derivative of t**4/6 - t**3/2 + 8*t**2. What is i(2)?
5
Suppose -4*h - 24 = 5*o, 12 = -2*h - 3*o + o. Let i be (12/(-9))/((-2)/h). Let b(u) = -u**3 - 5*u**2 - 4*u - 1. Determine b(i).
-1
Let x be (-2)/4 + (-57)/(-6) + -2. Let g(i) = -i + 4. Determine g(x).
-3
Let s(x) = 2*x - 5 + 1 + 3. Suppose -11*r = -4*r - 21. Give s(r).
5
Let l(q) = 4*q**2 + 2*q**3 - 4*q + 3 + q**3 + 0*q**3 - 4*q**3. Determine l(3).
0
Let c(i) = -i**3 + 4*i**2 + 1. Let d(t) = -t**3 - 8*t**2 - 10*t - 17. Let y = 2 + -9. Let s be d(y). What is c(s)?
1
Let o(c) = -c**3 + 4*c**2 - c + 4. Let h(x) = -x - 4. Let a be h(-4). Suppose a = 3*j + j - 16. Give o(j).
0
Let p = 5/13 + 3/26. Let n(b) be the second derivative of 0*b**3 + p*b**2 + 1/12*b**4 - 4*b + 0. Determine n(-3).
10
Let i(s) = s**2 - s + 2. Let v be i(0). Let w(q) = 5*q - q - v*q. Suppose 0 = -5*z - 9 + 29. Determine w(z).
8
Let k(q) be the second derivative of -q**8/6720 + q**7/840 + q**6/180 - q**4/6 - 2*q. Let u(b) be the third derivative of k(b). Suppose y + 6 = 10. Give u(y).
0
Let m(g) = g**2 + 5*g - 4. Let w(n) = -n**2 - 6*n + 5. Let c(p) = 6*m(p) + 5*w(p). Suppose 0 = -u + 2*u. Let k = u + 0. Give c(k).
1
Let h(r) be the first derivative of 3 - 1/4*r**4 + 5/2*r**2 - r**3 + 6*r. Determine h(-4).
2
Suppose 0 = -5*h - 4*q + 5, -6*q = -4*q - 10. Let z = h - -7. Let b(n) = -n**2 + 2*n + 5. Calculate b(z).
-3
Let z(f) = 2*f**2 - 11*f + 1. Let y(h) = -5*h + 1. Let m(j) = -5*y(j) + 2*z(j). Calculate m(-3).
24
Let d(n) = -n**3 - 2*n**2 + 6*n + 6. Let i(r) = r**3 + r**2 - 5*r - 7. Let q(p) = -3*d(p) - 2*i(p). Calculate q(-5).
11
Let s be 26 - 25 - (1 + 5). Let t(m) = 5*m**2 + 4*m - 5. Let o(x) = -11*x**2 - 8*x + 11. Let f(w) = 4*o(w) + 9*t(w). Give f(s).
4
Suppose -t + 3*t + 8 = 0. Let x(m) = -m**2 - 4*m + 5. Give x(t).
5
Let x(i) = -4*i - 6. Let m(c) = -c - 1. Let o(v) = 3*m(v) - x(v). Suppose 0*f = 4*f + 24. Let t = 4 + f. What is o(t)?
1
Let g(b) = 4*b + 2. Suppose 0 = -3*k + 15. Let z(f) = -6*f - 3. Let u(o) = k*z(o) + 7*g(o). What is u(-1)?
1
Let y be (-16)/(-40) + (-8)/(-5). Let c(h) = 10*h**2 - y*h**2 + 14 - 14. Calculate c(1).
8
Let l(g) be the first derivative of -g**3 + 4*g**2 + g - 1. Suppose -4*u = -27 + 11. Let c(s) = 7*s**2 - 16*s - 1. Let r(x) = u*c(x) + 9*l(x). What is r(-5)?
-10
Suppose -3*a - 1 - 2 = 0. Let g(t) = 5*t**3 - 2*t - 1. Determine g(a).
-4
Let j be 3*(-2 - 9/(-4))*4. Let c(b) be the second derivative of b**3/2 + b**2/2 + b. What is c(j)?
10
Let c(w) = 5*w**3 + 4*w**2 - 2*w - 6. Let k(u) = 1 - 3*u**2 + 4*u**3 - u + 7*u**2 - 6. Let n(q) = 5*c(q) - 6*k(q). What is n(5)?
5
Let t(k) be the third derivative of -k**6/720 - k**4/24 + k**2. Let f(g) be the second derivative of t(g). Let x be -1 - (0 + -3 + 1). Calculate f(x).
-1
Suppose 28 = -6*j + 64. Let u(w) = w**3 - 7*w**2 + 3*w + 7. Give u(j).
-11
Let f(o) be the second derivative of o**5/10 - o**4/6 - o**3/3 - o**2/2 - 7*o. Let d = -1 - 0. Determine f(d).
-3
Let y(b) = -b**2 - 4*b - 3. Let d(j) = 3*j**2 - 32*j - 19. Let l(u) = -u**2 + 11*u + 6. Let r(t) = 4*d(t) + 11*l(t). Let c be r(8). Give y(c).
1
Let j(h) = -h + 2. Let n(d) = 2*d - 3. Let u(b) = 7*j(b) + 3*n(b). Calculate u(0).
5
Let k(h) be the first derivative of -1/3*h**3 + 3 - 4*h + 5/2*h**2. Give k(3).
2
Let j(n) = n. Let k be 4/(-12) + (-14)/(-6). Determine j(k).
2
Suppose -g + 0*y = 2*y - 8, 3*y - 3 = 3*g. Let r(n) = n**3 + 4*n**2 - 8*n - 10. Let s be r(-5). Let c(a) = -s*a**g - 3*a + a**2 + 3*a + a. What is c(1)?
-3
Let a(y) be the second derivative of y**3/6 + y**2 - 2*y. Suppose -4*n = 2*n. What is a(n)?
2
Let f(d) = d**2 - d. Let t(u) = u + 10. Let k be t(-9). Let m(j) = -4*j**3 - 2*j**2 + j - 1. Let c(b) = k*m(b) + 2*f(b). Let i = -3 - -2. Calculate c(i).
4
Let c(k) = 6*k - 3. Let x(m) = -m**2 - 7*m + 4. Let o be (2/6*0)/2. Let p be o + (0 + 1 - 6). Let z(h) = p*c(h) - 4*x(h). Calculate z(-1).
5
Let c(p) = p**3 + 4*p**2 - 4*p + 3. Suppose 3*a + a = -20. Give c(a).
-2
Let s be (0/(-8))/((-3)/1). Suppose 2*d - 4*j - 2 = s, -4 = -0*d - d - j. Let y(t) = 3*t + 4*t - d*t - 5*t + 11. Calculate y(6).
5
Suppose 5*t = -4*m + 3*t, m - 4*t - 18 = 0. Let k(c) = 7*c**2 - 5*c - 6. Let y(a) = -4*a**2 + 3*a + 3. Let w(p) = 6*k(p) + 11*y(p). What is w(m)?
-5
Let r(t) = -4*t - 1. Let b(d) = 6*d - 42. Let w be b(8). Give r(w).
-25
Let r(x) = x**2 + x - 1. Suppose 8 = -v + 10. Give r(v).
5
Let a(b) = 3 - 7 + 7*b - 3*b + 2. What is a(2)?
6
Let w(l) = 4*l**2 + l - 1. Let t(r) = -3*r**2 - 2*r + 2. Let x(m) = 3*t(m) + 2*w(m). What is x(-4)?
4
Let m(h) = h + 1. Let z(g) = -g**2 - 16*g - 27. Let y be z(-14). Calculate m(y).
2
Let c(u) = -u**2 + 3*u + 1. Let a be c(-1). Let j(f) = f - 1. Give j(a).
-4
Suppose 2*c = -10 + 48. Suppose -c = -4*q + 9. Let a(f) = 6*f - 3*f - 3*f + 5 - q*f + f**2. Give a(5).
-5
Let q(b) = -11*b + 15*b - 9*b + 4. Determine q(3).
-11
Let v(i) = i**2 + 5*i - 2*i**2 + 10 + 8 - 25. Calculate v(6).
-13
Let b(y) = 4*y**3 + y**2 - 12*y + 21. Let s(z) = -z**3 + 3*z - 5.